git of 2828?
8
What is the tens digit of 6835?
3
What is the tens digit of 12?
1
What is the thousands digit of 1580?
1
What is the units digit of 105?
5
What is the tens digit of 3560?
6
What is the hundreds digit of 127?
1
What is the tens digit of 3761?
6
What is the tens digit of 15984?
8
What is the hundreds digit of 3568?
5
What is the thousands digit of 4560?
4
What is the units digit of 15628?
8
What is the tens digit of 183799?
9
What is the thousands digit of 6299?
6
What is the thousands digit of 20014?
0
What is the units digit of 1118?
8
What is the hundreds digit of 73192?
1
What is the hundreds digit of 398?
3
What is the units digit of 1348?
8
What is the thousands digit of 24172?
4
What is the thousands digit of 1057?
1
What is the hundreds digit of 545?
5
What is the units digit of 1404?
4
What is the hundreds digit of 1574?
5
What is the units digit of 3871?
1
What is the tens digit of 91?
9
What is the tens digit of 26122?
2
What is the hundreds digit of 4577?
5
What is the hundreds digit of 32865?
8
What is the ten thousands digit of 63014?
6
What is the thousands digit of 3575?
3
What is the tens digit of 1129?
2
What is the units digit of 131114?
4
What is the hundreds digit of 885?
8
What is the ten thousands digit of 10067?
1
What is the units digit of 432?
2
What is the ten thousands digit of 87040?
8
What is the tens digit of 1829?
2
What is the units digit of 435?
5
What is the thousands digit of 1286?
1
What is the tens digit of 472?
7
What is the thousands digit of 2764?
2
What is the hundreds digit of 923?
9
What is the tens digit of 3176?
7
What is the ten thousands digit of 11513?
1
What is the units digit of 19346?
6
What is the hundreds digit of 7771?
7
What is the tens digit of 19525?
2
What is the hundreds digit of 4208?
2
What is the hundreds digit of 20233?
2
What is the hundred thousands digit of 118776?
1
What is the thousands digit of 11592?
1
What is the hundreds digit of 135988?
9
What is the units digit of 940?
0
What is the ten thousands digit of 26698?
2
What is the thousands digit of 3438?
3
What is the hundreds digit of 18759?
7
What is the tens digit of 21021?
2
What is the thousands digit of 72964?
2
What is the hundreds digit of 5985?
9
What is the tens digit of 23147?
4
What is the units digit of 4204?
4
What is the thousands digit of 1140?
1
What is the hundreds digit of 55293?
2
What is the thousands digit of 74824?
4
What is the tens digit of 65?
6
What is the thousands digit of 14309?
4
What is the thousands digit of 9423?
9
What is the units digit of 1508?
8
What is the thousands digit of 3177?
3
What is the units digit of 290?
0
What is the units digit of 288?
8
What is the hundreds digit of 1621?
6
What is the tens digit of 182?
8
What is the hundreds digit of 1351?
3
What is the units digit of 8118?
8
What is the thousands digit of 6617?
6
What is the units digit of 2624?
4
What is the units digit of 19560?
0
What is the units digit of 42696?
6
What is the tens digit of 11961?
6
What is the hundreds digit of 962?
9
What is the tens digit of 3978?
7
What is the hundreds digit of 3809?
8
What is the tens digit of 60042?
4
What is the thousands digit of 1635?
1
What is the hundreds digit of 7751?
7
What is the hundreds digit of 1036?
0
What is the tens digit of 950?
5
What is the units digit of 18059?
9
What is the hundreds digit of 21362?
3
What is the tens digit of 32518?
1
What is the ten thousands digit of 11515?
1
What is the units digit of 437?
7
What is the units digit of 4572?
2
What is the units digit of 2899?
9
What is the thousands digit of 7252?
7
What is the hundreds digit of 815?
8
What is the ten thousands digit of 13945?
1
What is the thousands digit of 1203?
1
What is the tens digit of 6514?
1
What is the units digit of 938?
8
What is the hundreds digit of 4196?
1
What is the units digit of 14840?
0
What is the units digit of 147?
7
What is the units digit of 12911?
1
What is the ten thousands digit of 16014?
1
What is the hundreds digit of 16292?
2
What is the tens digit of 788?
8
What is the tens digit of 29366?
6
What is the thousands digit of 52806?
2
What is the units digit of 65?
5
What is the units digit of 3636?
6
What is the thousands digit of 1192?
1
What is the hundreds digit of 511?
5
What is the units digit of 676?
6
What is the tens digit of 14?
1
What is the hundreds digit of 1009?
0
What is the units digit of 2292?
2
What is the hundreds digit of 31652?
6
What is the thousands digit of 41643?
1
What is the hundreds digit of 4868?
8
What is the thousands digit of 3075?
3
What is the units digit of 518?
8
What is the thousands digit of 11039?
1
What is the units digit of 69184?
4
What is the units digit of 535?
5
What is the ten thousands digit of 15226?
1
What is the tens digit of 6204?
0
What is the thousands digit of 34911?
4
What is the tens digit of 55440?
4
What is the tens digit of 7875?
7
What is the thousands digit of 69637?
9
What is the tens digit of 2155?
5
What is the tens digit of 405?
0
What is the thousands digit of 124668?
4
What is the units digit of 8121?
1
What is the tens digit of 16341?
4
What is the tens digit of 1063?
6
What is the tens digit of 177?
7
What is the tens digit of 625?
2
What is the hundreds digit of 11773?
7
What is the units digit of 10129?
9
What is the hundreds digit of 71121?
1
What is the units digit of 2376?
6
What is the hundreds digit of 799?
7
What is the thousands digit of 15778?
5
What is the ten thousands digit of 97114?
9
What is the units digit of 20426?
6
What is the tens digit of 3351?
5
What is the units digit of 127402?
2
What is the ten thousands digit of 10925?
1
What is the tens digit of 2815?
1
What is the units digit of 96?
6
What is the hundreds digit of 13584?
5
What is the units digit of 14864?
4
What is the tens digit of 1386?
8
What is the tens digit of 6038?
3
What is the tens digit of 1048?
4
What is the thousands digit of 4643?
4
What is the ten thousands digit of 18127?
1
What is the ten thousands digit of 81526?
8
What is the tens digit of 3423?
2
What is the hundreds digit of 28946?
9
What is the units digit of 2017?
7
What is the thousands digit of 5866?
5
What is the tens digit of 5258?
5
What is the ten thousands digit of 72031?
7
What is the tens digit of 9465?
6
What is the thousands digit of 2740?
2
What is the tens digit of 12112?
1
What is the thousands digit of 27203?
7
What is the tens digit of 44762?
6
What is the ten thousands digit of 23998?
2
What is the units digit of 10279?
9
What is the units digit of 12955?
5
What is the units digit of 379?
9
What is the tens digit of 14584?
8
What is the hundreds digit of 12338?
3
What is the hundreds digit of 984?
9
What is the hundreds digit of 95287?
2
What is the hundreds digit of 7133?
1
What is the thousands digit of 1564?
1
What is the units digit of 30387?
7
What is the tens digit of 16650?
5
What is the thousands digit of 2274?
2
What is the hundreds digit of 64399?
3
What is the units digit of 41049?
9
What is the hundred thousands digit of 148395?
1
What is the tens digit of 4168?
6
What is the tens digit of 2832?
3
What is the units digit of 279?
9
What is the hundreds digit of 5682?
6
What is the thousands digit of 3146?
3
What is the hundreds digit of 59866?
8
What is the units digit of 1355?
5
What is the units digit of 4907?
7
What is the thousands digit of 113345?
3
What is the units digit of 30993?
3
What is the tens digit of 26209?
0
What is the hundreds digit of 1238?
2
What is the tens digit of 6048?
4
What is the tens digit of 30517?
1
What is the units digit of 4396?
6
What is the thousands digit of 4937?
4
What is the units digit of 36814?
4
What is the hundreds digit of 1456?
4
What is the ten thousands digit of 56112?
5
What is the units digit of 195?
5
What is the units digit of 70095?
5
What is the hundreds digit of 297?
2
What is the tens digit of 973?
7
What is the tens digit of 16401?
0
What is the tens digit of 5324?
2
What is the hundreds digit of 1177?
1
What is the hundreds digit of 89066?
0
What is the thousands digit of 1026?
1
What is the units digit of 63995?
5
What is the tens digit of 401?
0
What is the hundreds digit of 1160?
1
What is the units digit of 73?
3
What is the hundreds digit